omposite number?
False
Is 304491919 a composite number?
False
Is 5669742349 composite?
False
Is 492642121 a composite number?
True
Is 489546843 prime?
False
Is 112201318829 a composite number?
False
Is 6917246059 prime?
False
Is 488934779 a composite number?
True
Is 159064351 prime?
True
Is 8459497 prime?
False
Is 919984963 a prime number?
True
Is 243148889 a composite number?
False
Is 1458696718 composite?
True
Is 5330291627 prime?
True
Is 112343009 composite?
True
Is 1106774663 a prime number?
True
Is 14031587113 composite?
True
Is 146089543 a composite number?
False
Is 16569409169 a composite number?
False
Is 5273777153 a composite number?
True
Is 12168001187 a composite number?
False
Is 156008979947 a composite number?
True
Is 10297031339 composite?
True
Is 136833457253 composite?
False
Is 34366321571 prime?
True
Is 841508321 a prime number?
False
Is 3064822307 prime?
False
Is 628819865 composite?
True
Is 16166349809 a prime number?
False
Is 736200411 composite?
True
Is 378061687 prime?
True
Is 70884557 a prime number?
True
Is 973480973 composite?
False
Is 90993961 a prime number?
False
Is 374981333 composite?
False
Is 10614915551 a prime number?
True
Is 766279123 prime?
True
Is 640591901 a composite number?
False
Is 9546899243 a composite number?
True
Is 267903913 a prime number?
True
Is 11124700199 composite?
False
Is 4468456981 composite?
True
Is 2207168111 a prime number?
False
Is 465378869 a prime number?
False
Is 149392777 a prime number?
False
Is 29360466857 composite?
False
Is 1006344791 a composite number?
True
Is 23254256647 a prime number?
True
Is 450071819 a composite number?
False
Is 8959242659 composite?
False
Is 1498992463 composite?
True
Is 2561717507 a composite number?
False
Is 43771598621 prime?
True
Is 81083663 composite?
True
Is 64107132917 composite?
True
Is 38695522097 a prime number?
False
Is 1112116043 composite?
False
Is 8706636971 a composite number?
False
Is 10389271069 a composite number?
False
Is 1323269527 a composite number?
True
Is 51421240913 a prime number?
False
Is 58911689 prime?
False
Is 89629847 a prime number?
True
Is 32399001007 prime?
False
Is 116207343589 prime?
True
Is 1435428205 a prime number?
False
Is 9209566507 prime?
True
Is 126637039 a composite number?
True
Is 8864931941 composite?
False
Is 2485085003 a composite number?
True
Is 105704006939 prime?
True
Is 4340269597 a composite number?
False
Is 4161068291 a prime number?
False
Is 134053243607 composite?
False
Is 3758560051 a composite number?
True
Is 344714701 a prime number?
False
Is 68346021907 prime?
True
Is 1872749521 a prime number?
True
Is 17602821367 prime?
True
Is 599181103 prime?
True
Is 2107566157 a prime number?
True
Is 21124644259 a composite number?
True
Is 245282963 prime?
True
Is 36039031859 prime?
False
Is 9933911909 a composite number?
True
Is 363884383 a prime number?
True
Is 3601819747 a prime number?
True
Is 6853391893 a prime number?
False
Is 6373821994 prime?
False
Is 386716123 a composite number?
True
Is 9560259749 a prime number?
False
Is 58380281615 prime?
False
Is 2886036443 a prime number?
True
Is 12731717 composite?
True
Is 1592464889 a composite number?
False
Is 8905103147 prime?
False
Is 1964032909 prime?
True
Is 1806602299 a prime number?
False
Is 14291295817 prime?
False
Is 3060260401 composite?
True
Is 40948613509 a composite number?
True
Is 239325071 prime?
True
Is 1450310083 a composite number?
False
Is 103881049 a composite number?
False
Is 822793529 a prime number?
True
Is 1016850067 prime?
True
Is 28862430089 a composite number?
False
Is 3665857667 composite?
True
Is 1191058679 a composite number?
False
Is 427220117 a prime number?
False
Is 1109590661 prime?
False
Is 98334791 a composite number?
True
Is 48576934243 a prime number?
True
Is 2235652357 a prime number?
True
Is 14912797 composite?
False
Is 429694943 prime?
False
Is 206414291 a composite number?
False
Is 6589271999 prime?
False
Is 293162399 a composite number?
True
Is 962733073 prime?
False
Is 157423927 prime?
False
Is 29263707393 composite?
True
Is 60710545447 a composite number?
False
Is 532095637 composite?
False
Is 15665401 composite?
False
Is 1316575541 a composite number?
False
Is 1565614819 a composite number?
False
Is 10444940041 prime?
True
Is 18308612129 a prime number?
True
Is 7664388287 prime?
True
Is 3299438299 a prime number?
True
Is 101659807891 prime?
True
Is 6769628849 a prime number?
True
Is 178124561 composite?
False
Is 67615057 a composite number?
False
Is 1195474169 composite?
False
Is 461215591 composite?
True
Is 6889502879 composite?
True
Is 2191297742 a prime number?
False
Is 66932331071 composite?
True
Is 2857958459 composite?
False
Is 45746047549 a composite number?
False
Is 10858150469 prime?
True
Is 7040863897 prime?
True
Is 420686955277 a composite number?
False
Is 28171276109 composite?
False
Is 3995904409 prime?
False
Is 189326993 prime?
False
Is 1346775229 prime?
False
Is 52970353829 a composite number?
False
Is 2393470931 a prime number?
True
Is 895001021 prime?
False
Is 23538419063 prime?
False
Is 2464585093 prime?
True
Is 288945751 prime?
False
Is 13632747031 a prime number?
False
Is 44692261 prime?
False
Is 905503597 composite?
False
Is 18160661759 prime?
True
Is 155026103 a composite number?
True
Is 8637510417 a composite number?
True
Is 5007597227 composite?
False
Is 507618803 composite?
False
Is 1118895797 prime?
True
Is 12412401223 a prime number?
True
Is 575127239 a composite number?
False
Is 370960829 composite?
True
Is 2662914097 composite?
True
Is 76192004279 composite?
False
Is 37311347659 prime?
False
Is 502895703 a prime number?
False
Is 195931904767 a prime number?
True
Is 4709928101 a composite number?
False
Is 1150109123 prime?
True
Is 96340399801 a composite number?
False
Is 1439275273 composite?
False
Is 20690353363 a composite number?
True
Is 26335596631 prime?
False
Is 5410756322 a prime number?
False
Is 1181439197 a composite number?
False
Is 4381382087 composite?
False
Is 1660855726 a composite number?
True
Is 4132809913 composite?
True
Is 111764153509 a composite number?
False
Is 69889576283 composite?
True
Is 482393257 composite?
False
Is 589079251 a prime number?
True
Is 229703489 a composite number?
False
Is 144805417451 composite?
False
Is 102429184567 a composite number?
True
Is 1436505073 a composite number?
True
Is 105606470107 a prime number?
False
Is 74627748717 a prime number?
False
Is 11086025443 prime?
False
Is 70033382941 a prime number?
False
Is 150729701 a composite number?
True
Is 133736410799 prime?
True
Is 31340242139 composite?
False
Is 134842881835 prime?
False
Is 11003489767 a prime number?
False
Is 100351481 prime?
True
Is 16379527271 composite?
False
Is 7003330773 a prime number?
False
Is 4988689183 composite?
True
Is 527927795 composite?
True
Is 5772018919 a composite number?
False
Is 3526370593 prime?
True
Is 36984888827 composite?
True
Is 2612777539 a prime number?
False
Is 359542837 a prime number?
False
Is 123638027 prime?
True
Is 31029027287 prime?
True
Is 8916506041 prime?
True
Is 2099451559 prime?
True
Is 383695836782 prime?
False
Is 46862071 a composite number?
False
Is 45319146131 a composite number?
True
Is 4252346795 prime?
False
Is 9589946837 a composite number?
False
Is 94257239659 composite?
True
Is 15249730513 a composite number?
False
Is 2219479181 prime?
True
Is 18673989373 composite?
True
Is 376581189 a composite number?
True
Is 3213497054 a composite number?
True
Is 20197986115 a composite number?
True
Is 560238911 composite?
False
Is 124468507 a prime number?
True
Is 5275222763 prime?
True
Is 34581419003 prime?
True
Is 45894870193 a prime number?
True
Is 395807191 a prime number?
False
Is 26586767631 composite?
True
Is 195848047 a composite number?
False
Is 5416635269 a prime number?
True
Is 150069499 composite?
True
Is 2434045577 a composite number?
False
Is 3450661121 prime?
True
Is 181111916053 prime?
False
Is 124795605219 a composite number?
True
Is 1772225277 prime?
False
Is 29540242255 prime?
False
Is 20042401741 a composite number?
False
Is 18096021011 a composite number?
True
Is 12669758209 a prime number?
True
Is 634333927 a prime number?
False
Is 690587659 a prime number?
True
Is 284002730987 a composite number?
False
Is 28250